{"id":4033,"date":"2021-04-12T17:18:19","date_gmt":"2021-04-12T15:18:19","guid":{"rendered":"https:\/\/www.chemin-neuf.ch\/?post_type=proposition&#038;p=4033"},"modified":"2024-02-11T22:31:53","modified_gmt":"2024-02-11T21:31:53","slug":"point-net-motiers","status":"publish","type":"proposition","link":"https:\/\/www.chemin-neuf.ch\/de\/vorschlag\/point-net-motiers\/","title":{"rendered":"Point Net M\u00d4TIERS"},"content":{"rendered":"\n<h2 class=\"wp-block-heading\"><i class=\"fas fa-list ccn-fa-icon\" aria-hidden=\"true\"> <\/i>PROGRAMME<\/h2>\n\n\n\n<p class=\"has-normal-font-size\"><strong><strong>Un lieu de partage et de pri\u00e8re pour la Paix et l&#8217;Unit\u00e9<\/strong><\/strong><\/p>\n\n\n\n<p class=\"has-normal-font-size\">Les paroisses catholique et r\u00e9form\u00e9e et \u00e9vang\u00e9liques du Val-de-Travers invitent \u00e0 un temps de rencontre, d&#8217;\u00e9change et de convivialit\u00e9.<\/p>\n\n\n\n<p class=\"has-normal-font-size\">A l\u2019aide des supports d\u2019animation de la mission Net for God, nous approfondissons un th\u00e8me sp\u00e9cifique, et nous avons un \u00e9change et prions pour l\u2019Unit\u00e9 et la Paix dans le monde.<\/p>\n\n\n\n<p class=\"has-normal-font-size\">Ces soir\u00e9es Net for God ont lieu une fois par mois de 19h30 \u00e0 21 h env. <\/p>\n\n\n\n<h2 class=\"wp-block-heading\"><i class=\"fas fa-calendar-alt ccn-fa-icon\"> <\/i>DATES<\/h2>\n\n\n\n<p class=\"has-normal-font-size\"><meta charset=\"utf-8\"><\/meta>Le premier mardi du mois de 19h30 \u00e0 21h environ.<br>En 2024: 6 f\u00e9vrier, 5 mars, 2 avril, 7 mai, 4 juin<\/p>\n\n\n\n<h2 class=\"wp-block-heading\">LIEU ET CONTACT<\/h2>\n\n\n\n<p class=\"has-normal-font-size\">salle de paroisse de M\u00f4tiers, Rue Centrale 5, 2112 M\u00f4tiers<\/p>\n\n\n\n<div class=\"wp-block-buttons is-layout-flex wp-block-buttons-is-layout-flex\">\n<div class=\"wp-block-button is-style-outline is-style-outline--1\"><a class=\"wp-block-button__link has-white-color has-orange-background-color has-text-color has-background no-border-radius wp-element-button\" href=\"https:\/\/www.google.com\/maps\/place\/Salle+de+paroisse+de+M%C3%B4tiers\/@46.9118677,6.6089554,17z\/data=!3m1!4b1!4m5!3m4!1s0x478dc1674ca037e7:0xe39908461e6cedb1!8m2!3d46.9118677!4d6.6111441\" target=\"_blank\" rel=\"noreferrer noopener\">Voir le plan<\/a><\/div>\n<\/div>\n\n\n\n<h3 class=\"wp-block-heading\">Contact:<\/h3>\n\n\n\n<p class=\"has-normal-font-size\">Claire-Lise Vouga<br>tel.: 079 286 83 85<\/p>\n","protected":false},"excerpt":{"rendered":"<p>Un lieu de partage et de pri\u00e8re pour la Paix et l&#8217;Unit\u00e9<\/p>\n","protected":false},"featured_media":4035,"menu_order":0,"template":"","meta":{"_acf_changed":false,"footnotes":""},"prop-category":[],"prop-duration":[],"class_list":["post-4033","proposition","type-proposition","status-publish","has-post-thumbnail","hentry"],"acf":[],"yoast_head":"<!-- This site is optimized with the Yoast SEO plugin v27.5 - https:\/\/yoast.com\/product\/yoast-seo-wordpress\/ -->\n<title>Point Net M\u00d4TIERS - Chemin Neuf Suisse<\/title>\n<meta name=\"description\" content=\"Un lieu de partage et de pri\u00e8re pour la Paix et l&#039;Unit\u00e9\" \/>\n<meta name=\"robots\" content=\"index, follow, max-snippet:-1, max-image-preview:large, max-video-preview:-1\" \/>\n<link rel=\"canonical\" href=\"https:\/\/www.chemin-neuf.ch\/de\/vorschlag\/point-net-motiers\/\" \/>\n<meta property=\"og:locale\" content=\"de_DE\" \/>\n<meta property=\"og:type\" content=\"article\" \/>\n<meta property=\"og:title\" content=\"Point Net M\u00d4TIERS - Chemin Neuf Suisse\" \/>\n<meta property=\"og:description\" content=\"Un lieu de partage et de pri\u00e8re pour la Paix et l&#039;Unit\u00e9\" \/>\n<meta property=\"og:url\" content=\"https:\/\/www.chemin-neuf.ch\/de\/vorschlag\/point-net-motiers\/\" \/>\n<meta property=\"og:site_name\" content=\"Chemin Neuf Suisse\" \/>\n<meta property=\"article:modified_time\" content=\"2024-02-11T21:31:53+00:00\" \/>\n<meta property=\"og:image\" content=\"https:\/\/www.chemin-neuf.ch\/wp-content\/uploads\/2021\/03\/MOTIERS.jpeg\" \/>\n\t<meta property=\"og:image:width\" content=\"408\" \/>\n\t<meta property=\"og:image:height\" content=\"306\" \/>\n\t<meta property=\"og:image:type\" content=\"image\/jpeg\" \/>\n<meta name=\"twitter:card\" content=\"summary_large_image\" \/>\n<meta name=\"twitter:label1\" content=\"Gesch\u00e4tzte Lesezeit\" \/>\n\t<meta name=\"twitter:data1\" content=\"1\u00a0Minute\" \/>\n<script type=\"application\/ld+json\" class=\"yoast-schema-graph\">{\"@context\":\"https:\\\/\\\/schema.org\",\"@graph\":[{\"@type\":\"WebPage\",\"@id\":\"https:\\\/\\\/www.chemin-neuf.ch\\\/de\\\/vorschlag\\\/point-net-motiers\\\/\",\"url\":\"https:\\\/\\\/www.chemin-neuf.ch\\\/de\\\/vorschlag\\\/point-net-motiers\\\/\",\"name\":\"Point Net M\u00d4TIERS - Chemin Neuf Suisse\",\"isPartOf\":{\"@id\":\"https:\\\/\\\/www.chemin-neuf.ch\\\/de\\\/#website\"},\"primaryImageOfPage\":{\"@id\":\"https:\\\/\\\/www.chemin-neuf.ch\\\/de\\\/vorschlag\\\/point-net-motiers\\\/#primaryimage\"},\"image\":{\"@id\":\"https:\\\/\\\/www.chemin-neuf.ch\\\/de\\\/vorschlag\\\/point-net-motiers\\\/#primaryimage\"},\"thumbnailUrl\":\"https:\\\/\\\/www.chemin-neuf.ch\\\/wp-content\\\/uploads\\\/2021\\\/03\\\/MOTIERS.jpeg\",\"datePublished\":\"2021-04-12T15:18:19+00:00\",\"dateModified\":\"2024-02-11T21:31:53+00:00\",\"description\":\"Un lieu de partage et de pri\u00e8re pour la Paix et l'Unit\u00e9\",\"breadcrumb\":{\"@id\":\"https:\\\/\\\/www.chemin-neuf.ch\\\/de\\\/vorschlag\\\/point-net-motiers\\\/#breadcrumb\"},\"inLanguage\":\"de\",\"potentialAction\":[{\"@type\":\"ReadAction\",\"target\":[\"https:\\\/\\\/www.chemin-neuf.ch\\\/de\\\/vorschlag\\\/point-net-motiers\\\/\"]}]},{\"@type\":\"ImageObject\",\"inLanguage\":\"de\",\"@id\":\"https:\\\/\\\/www.chemin-neuf.ch\\\/de\\\/vorschlag\\\/point-net-motiers\\\/#primaryimage\",\"url\":\"https:\\\/\\\/www.chemin-neuf.ch\\\/wp-content\\\/uploads\\\/2021\\\/03\\\/MOTIERS.jpeg\",\"contentUrl\":\"https:\\\/\\\/www.chemin-neuf.ch\\\/wp-content\\\/uploads\\\/2021\\\/03\\\/MOTIERS.jpeg\",\"width\":408,\"height\":306},{\"@type\":\"BreadcrumbList\",\"@id\":\"https:\\\/\\\/www.chemin-neuf.ch\\\/de\\\/vorschlag\\\/point-net-motiers\\\/#breadcrumb\",\"itemListElement\":[{\"@type\":\"ListItem\",\"position\":1,\"name\":\"Home\",\"item\":\"https:\\\/\\\/www.chemin-neuf.ch\\\/de\\\/\"},{\"@type\":\"ListItem\",\"position\":2,\"name\":\"Vorschl\u00e4ge\",\"item\":\"https:\\\/\\\/www.chemin-neuf.ch\\\/de\\\/vorschlag\\\/\"},{\"@type\":\"ListItem\",\"position\":3,\"name\":\"Point Net M\u00d4TIERS\"}]},{\"@type\":\"WebSite\",\"@id\":\"https:\\\/\\\/www.chemin-neuf.ch\\\/de\\\/#website\",\"url\":\"https:\\\/\\\/www.chemin-neuf.ch\\\/de\\\/\",\"name\":\"Chemin Neuf Suisse\",\"description\":\"La Communaut\u00e9 du Chemin Neuf en Suisse\",\"potentialAction\":[{\"@type\":\"SearchAction\",\"target\":{\"@type\":\"EntryPoint\",\"urlTemplate\":\"https:\\\/\\\/www.chemin-neuf.ch\\\/de\\\/?s={search_term_string}\"},\"query-input\":{\"@type\":\"PropertyValueSpecification\",\"valueRequired\":true,\"valueName\":\"search_term_string\"}}],\"inLanguage\":\"de\"}]}<\/script>\n<!-- \/ Yoast SEO plugin. -->","yoast_head_json":{"title":"Point Net M\u00d4TIERS - Chemin Neuf Suisse","description":"Un lieu de partage et de pri\u00e8re pour la Paix et l'Unit\u00e9","robots":{"index":"index","follow":"follow","max-snippet":"max-snippet:-1","max-image-preview":"max-image-preview:large","max-video-preview":"max-video-preview:-1"},"canonical":"https:\/\/www.chemin-neuf.ch\/de\/vorschlag\/point-net-motiers\/","og_locale":"de_DE","og_type":"article","og_title":"Point Net M\u00d4TIERS - Chemin Neuf Suisse","og_description":"Un lieu de partage et de pri\u00e8re pour la Paix et l'Unit\u00e9","og_url":"https:\/\/www.chemin-neuf.ch\/de\/vorschlag\/point-net-motiers\/","og_site_name":"Chemin Neuf Suisse","article_modified_time":"2024-02-11T21:31:53+00:00","og_image":[{"width":408,"height":306,"url":"https:\/\/www.chemin-neuf.ch\/wp-content\/uploads\/2021\/03\/MOTIERS.jpeg","type":"image\/jpeg"}],"twitter_card":"summary_large_image","twitter_misc":{"Gesch\u00e4tzte Lesezeit":"1\u00a0Minute"},"schema":{"@context":"https:\/\/schema.org","@graph":[{"@type":"WebPage","@id":"https:\/\/www.chemin-neuf.ch\/de\/vorschlag\/point-net-motiers\/","url":"https:\/\/www.chemin-neuf.ch\/de\/vorschlag\/point-net-motiers\/","name":"Point Net M\u00d4TIERS - Chemin Neuf Suisse","isPartOf":{"@id":"https:\/\/www.chemin-neuf.ch\/de\/#website"},"primaryImageOfPage":{"@id":"https:\/\/www.chemin-neuf.ch\/de\/vorschlag\/point-net-motiers\/#primaryimage"},"image":{"@id":"https:\/\/www.chemin-neuf.ch\/de\/vorschlag\/point-net-motiers\/#primaryimage"},"thumbnailUrl":"https:\/\/www.chemin-neuf.ch\/wp-content\/uploads\/2021\/03\/MOTIERS.jpeg","datePublished":"2021-04-12T15:18:19+00:00","dateModified":"2024-02-11T21:31:53+00:00","description":"Un lieu de partage et de pri\u00e8re pour la Paix et l'Unit\u00e9","breadcrumb":{"@id":"https:\/\/www.chemin-neuf.ch\/de\/vorschlag\/point-net-motiers\/#breadcrumb"},"inLanguage":"de","potentialAction":[{"@type":"ReadAction","target":["https:\/\/www.chemin-neuf.ch\/de\/vorschlag\/point-net-motiers\/"]}]},{"@type":"ImageObject","inLanguage":"de","@id":"https:\/\/www.chemin-neuf.ch\/de\/vorschlag\/point-net-motiers\/#primaryimage","url":"https:\/\/www.chemin-neuf.ch\/wp-content\/uploads\/2021\/03\/MOTIERS.jpeg","contentUrl":"https:\/\/www.chemin-neuf.ch\/wp-content\/uploads\/2021\/03\/MOTIERS.jpeg","width":408,"height":306},{"@type":"BreadcrumbList","@id":"https:\/\/www.chemin-neuf.ch\/de\/vorschlag\/point-net-motiers\/#breadcrumb","itemListElement":[{"@type":"ListItem","position":1,"name":"Home","item":"https:\/\/www.chemin-neuf.ch\/de\/"},{"@type":"ListItem","position":2,"name":"Vorschl\u00e4ge","item":"https:\/\/www.chemin-neuf.ch\/de\/vorschlag\/"},{"@type":"ListItem","position":3,"name":"Point Net M\u00d4TIERS"}]},{"@type":"WebSite","@id":"https:\/\/www.chemin-neuf.ch\/de\/#website","url":"https:\/\/www.chemin-neuf.ch\/de\/","name":"Chemin Neuf Suisse","description":"La Communaut\u00e9 du Chemin Neuf en Suisse","potentialAction":[{"@type":"SearchAction","target":{"@type":"EntryPoint","urlTemplate":"https:\/\/www.chemin-neuf.ch\/de\/?s={search_term_string}"},"query-input":{"@type":"PropertyValueSpecification","valueRequired":true,"valueName":"search_term_string"}}],"inLanguage":"de"}]}},"_links":{"self":[{"href":"https:\/\/www.chemin-neuf.ch\/de\/wp-json\/wp\/v2\/proposition\/4033","targetHints":{"allow":["GET"]}}],"collection":[{"href":"https:\/\/www.chemin-neuf.ch\/de\/wp-json\/wp\/v2\/proposition"}],"about":[{"href":"https:\/\/www.chemin-neuf.ch\/de\/wp-json\/wp\/v2\/types\/proposition"}],"version-history":[{"count":12,"href":"https:\/\/www.chemin-neuf.ch\/de\/wp-json\/wp\/v2\/proposition\/4033\/revisions"}],"predecessor-version":[{"id":43866,"href":"https:\/\/www.chemin-neuf.ch\/de\/wp-json\/wp\/v2\/proposition\/4033\/revisions\/43866"}],"wp:featuredmedia":[{"embeddable":true,"href":"https:\/\/www.chemin-neuf.ch\/de\/wp-json\/wp\/v2\/media\/4035"}],"wp:attachment":[{"href":"https:\/\/www.chemin-neuf.ch\/de\/wp-json\/wp\/v2\/media?parent=4033"}],"wp:term":[{"taxonomy":"prop-category","embeddable":true,"href":"https:\/\/www.chemin-neuf.ch\/de\/wp-json\/wp\/v2\/prop-category?post=4033"},{"taxonomy":"prop-duration","embeddable":true,"href":"https:\/\/www.chemin-neuf.ch\/de\/wp-json\/wp\/v2\/prop-duration?post=4033"}],"curies":[{"name":"wp","href":"https:\/\/api.w.org\/{rel}","templated":true}]}}

Point Net MÔTIERS

<h2 class="wp-block-heading"><i class="fas fa-list ccn-fa-icon" aria-hidden="true"> </i>PROGRAMME</h2>



<p class="has-normal-font-size"><strong><strong>Un lieu de partage et de prière pour la Paix et l&#8217;Unité</strong></strong></p>



<p class="has-normal-font-size">Les paroisses catholique et réformée et évangéliques du Val-de-Travers invitent à un temps de rencontre, d&#8217;échange et de convivialité.</p>



<p class="has-normal-font-size">A l’aide des supports d’animation de la mission Net for God, nous approfondissons un thème spécifique, et nous avons un échange et prions pour l’Unité et la Paix dans le monde.</p>



<p class="has-normal-font-size">Ces soirées Net for God ont lieu une fois par mois de 19h30 à 21 h env. </p>



<h2 class="wp-block-heading"><i class="fas fa-calendar-alt ccn-fa-icon"> </i>DATES</h2>



<p class="has-normal-font-size"><meta charset="utf-8"></meta>Le premier mardi du mois de 19h30 à 21h environ.<br>En 2024: 6 février, 5 mars, 2 avril, 7 mai, 4 juin</p>



<h2 class="wp-block-heading">LIEU ET CONTACT</h2>



<p class="has-normal-font-size">salle de paroisse de Môtiers, Rue Centrale 5, 2112 Môtiers</p>



<div class="wp-block-buttons is-layout-flex wp-block-buttons-is-layout-flex">
<div class="wp-block-button is-style-outline is-style-outline--1"><a class="wp-block-button__link has-white-color has-orange-background-color has-text-color has-background no-border-radius wp-element-button" href="https://www.google.com/maps/place/Salle+de+paroisse+de+M%C3%B4tiers/@46.9118677,6.6089554,17z/data=!3m1!4b1!4m5!3m4!1s0x478dc1674ca037e7:0xe39908461e6cedb1!8m2!3d46.9118677!4d6.6111441" target="_blank" rel="noreferrer noopener">Voir le plan</a></div>
</div>



<h3 class="wp-block-heading">Contact:</h3>



<p class="has-normal-font-size">Claire-Lise Vouga<br>tel.: 079 286 83 85</p>

<p>Un lieu de partage et de prière pour la Paix et l&#8217;Unité</p>

<!-- This site is optimized with the Yoast SEO plugin v27.5 - https://yoast.com/product/yoast-seo-wordpress/ -->
<title>Point Net MÔTIERS - Chemin Neuf Suisse</title>
<meta name="description" content="Un lieu de partage et de prière pour la Paix et l&#039;Unité" />
<meta name="robots" content="index, follow, max-snippet:-1, max-image-preview:large, max-video-preview:-1" />
<link rel="canonical" href="https://www.chemin-neuf.ch/de/vorschlag/point-net-motiers/" />
<meta property="og:locale" content="de_DE" />
<meta property="og:type" content="article" />
<meta property="og:title" content="Point Net MÔTIERS - Chemin Neuf Suisse" />
<meta property="og:description" content="Un lieu de partage et de prière pour la Paix et l&#039;Unité" />
<meta property="og:url" content="https://www.chemin-neuf.ch/de/vorschlag/point-net-motiers/" />
<meta property="og:site_name" content="Chemin Neuf Suisse" />
<meta property="article:modified_time" content="2024-02-11T21:31:53+00:00" />
<meta property="og:image" content="https://www.chemin-neuf.ch/wp-content/uploads/2021/03/MOTIERS.jpeg" />
	<meta property="og:image:width" content="408" />
	<meta property="og:image:height" content="306" />
	<meta property="og:image:type" content="image/jpeg" />
<meta name="twitter:card" content="summary_large_image" />
<meta name="twitter:label1" content="Geschätzte Lesezeit" />
	<meta name="twitter:data1" content="1 Minute" />
<script type="application/ld+json" class="yoast-schema-graph">{"@context":"https:\/\/schema.org","@graph":[{"@type":"WebPage","@id":"https:\/\/www.chemin-neuf.ch\/de\/vorschlag\/point-net-motiers\/","url":"https:\/\/www.chemin-neuf.ch\/de\/vorschlag\/point-net-motiers\/","name":"Point Net MÔTIERS - Chemin Neuf Suisse","isPartOf":{"@id":"https:\/\/www.chemin-neuf.ch\/de\/#website"},"primaryImageOfPage":{"@id":"https:\/\/www.chemin-neuf.ch\/de\/vorschlag\/point-net-motiers\/#primaryimage"},"image":{"@id":"https:\/\/www.chemin-neuf.ch\/de\/vorschlag\/point-net-motiers\/#primaryimage"},"thumbnailUrl":"https:\/\/www.chemin-neuf.ch\/wp-content\/uploads\/2021\/03\/MOTIERS.jpeg","datePublished":"2021-04-12T15:18:19+00:00","dateModified":"2024-02-11T21:31:53+00:00","description":"Un lieu de partage et de prière pour la Paix et l'Unité","breadcrumb":{"@id":"https:\/\/www.chemin-neuf.ch\/de\/vorschlag\/point-net-motiers\/#breadcrumb"},"inLanguage":"de","potentialAction":[{"@type":"ReadAction","target":["https:\/\/www.chemin-neuf.ch\/de\/vorschlag\/point-net-motiers\/"]}]},{"@type":"ImageObject","inLanguage":"de","@id":"https:\/\/www.chemin-neuf.ch\/de\/vorschlag\/point-net-motiers\/#primaryimage","url":"https:\/\/www.chemin-neuf.ch\/wp-content\/uploads\/2021\/03\/MOTIERS.jpeg","contentUrl":"https:\/\/www.chemin-neuf.ch\/wp-content\/uploads\/2021\/03\/MOTIERS.jpeg","width":408,"height":306},{"@type":"BreadcrumbList","@id":"https:\/\/www.chemin-neuf.ch\/de\/vorschlag\/point-net-motiers\/#breadcrumb","itemListElement":[{"@type":"ListItem","position":1,"name":"Home","item":"https:\/\/www.chemin-neuf.ch\/de\/"},{"@type":"ListItem","position":2,"name":"Vorschläge","item":"https:\/\/www.chemin-neuf.ch\/de\/vorschlag\/"},{"@type":"ListItem","position":3,"name":"Point Net MÔTIERS"}]},{"@type":"WebSite","@id":"https:\/\/www.chemin-neuf.ch\/de\/#website","url":"https:\/\/www.chemin-neuf.ch\/de\/","name":"Chemin Neuf Suisse","description":"La Communauté du Chemin Neuf en Suisse","potentialAction":[{"@type":"SearchAction","target":{"@type":"EntryPoint","urlTemplate":"https:\/\/www.chemin-neuf.ch\/de\/?s={search_term_string}"},"query-input":{"@type":"PropertyValueSpecification","valueRequired":true,"valueName":"search_term_string"}}],"inLanguage":"de"}]}</script>
<!-- / Yoast SEO plugin. -->

Point Net MÔTIERS - Chemin Neuf Suisse

Un lieu de partage et de prière pour la Paix et l'Unité

Vorschläge

La Communauté du Chemin Neuf en Suisse
