{"id":37182,"date":"2023-11-18T18:48:54","date_gmt":"2023-11-18T17:48:54","guid":{"rendered":"https:\/\/www.chemin-neuf.ch\/?post_type=proposition&#038;p=37182"},"modified":"2025-12-03T12:21:03","modified_gmt":"2025-12-03T11:21:03","slug":"gebetsgruppe-zuerich","status":"publish","type":"proposition","link":"https:\/\/www.chemin-neuf.ch\/de\/vorschlag\/gebetsgruppe-zuerich\/","title":{"rendered":"Gebetsgruppe in Z\u00fcrich"},"content":{"rendered":"\n<h2 class=\"wp-block-heading\">Infos<\/h2>\n\n\n\n<p class=\"has-large-font-size\">Gebets- und Lobpreisabend in Z\u00fcrich<\/p>\n\n\n\n<p class=\"has-normal-font-size\">Komm&nbsp;vorbei,&nbsp;um mit uns Gott zu loben, Ihm zu singen, gemeinsam zu beten und auf das Wort Gottes zu h\u00f6ren!<\/p>\n\n\n\n<p class=\"has-normal-font-size\">&#8211; Geleitet von Mitgliedern der Gemeinschaft und Bund Chemin Neuf.<br><\/p>\n\n\n\n<h2 class=\"wp-block-heading\">Daten bis Dezember 2026<\/h2>\n\n\n\n<p class=\"has-normal-font-size\">jeden 1. und 3. Dienstag im Monat (ausser Juli und August)<br>ab 19:45 Uhr Eintreffen<br>20:00-21:00 Uhr Lobpreis und Gebet<br><br><strong>2025: <\/strong><br>2. und 16. Dezember<\/p>\n\n\n\n<p class=\"has-normal-font-size\"><strong>2026: <\/strong><br>6. und 20. Januar<br>3. und 17. Februar<br>3. und 17. M\u00e4rz<br>7. und 21. April<br>5. und 19. Mai<br>2. und 16. Juni<br>1. und 15. September<br>6. und 20. Oktober<br>3. und 17. November<br>1. und 15. Dezember<\/p>\n\n\n\n<h2 class=\"wp-block-heading\">Ort<\/h2>\n\n\n\n<p class=\"has-normal-font-size\">in der Bruder Klaus Kirche in Z\u00fcrich (Milchbuckstrasse 73, 8057 Z\u00fcrich).<br>Zum Eintritt linke Kirchent\u00fcre ben\u00fctzen, da um 19.00 Uhr abgeschlossen wird.<\/p>\n\n\n\n<div class=\"wp-block-buttons is-content-justification-center is-layout-flex wp-container-core-buttons-is-layout-16018d1d wp-block-buttons-is-layout-flex\">\n<div class=\"wp-block-button\"><a class=\"wp-block-button__link has-white-color has-orange-background-color has-text-color has-background has-small-font-size has-custom-font-size wp-element-button\" href=\"https:\/\/www.google.com\/maps\/place\/Milchbuckstrasse+73,+8057+Z%C3%BCrich\/@47.3930591,8.5395251,1001m\/data=!3m1!1e3!4m6!3m5!1s0x47900a7710cab867:0xba4d158dd765c83e!8m2!3d47.3940905!4d8.5445462!16s%2Fg%2F11c43vkly9?entry=ttu&amp;g_ep=EgoyMDI1MDgxMy4wIKXMDSoASAFQAw%3D%3D\" target=\"_blank\" rel=\"noreferrer noopener\">Siehe den Plan<\/a><\/div>\n<\/div>\n\n\n\n<p class=\"has-normal-font-size\"><\/p>\n","protected":false},"excerpt":{"rendered":"<p>jeden 1. und 3. Dienstag im Monat von 20 Uhr bis 21 Uhr<br \/> Krypta der Bruder Klaus <br \/>Kirche, Z\u00fcrich<\/p>\n","protected":false},"featured_media":18028,"menu_order":0,"template":"","meta":{"_acf_changed":false,"footnotes":""},"prop-category":[],"prop-duration":[],"class_list":["post-37182","proposition","type-proposition","status-publish","has-post-thumbnail","hentry"],"acf":[],"yoast_head":"<!-- This site is optimized with the Yoast SEO plugin v27.5 - https:\/\/yoast.com\/product\/yoast-seo-wordpress\/ -->\n<title>Gebetsgruppe in Z\u00fcrich - Chemin Neuf Suisse<\/title>\n<meta name=\"description\" content=\"jeden 1. und 3. Dienstag im Monat von 20 Uhr bis 21 Uhr Krypta der Bruder Klaus Kirche, Z\u00fcrich\" \/>\n<meta name=\"robots\" content=\"index, follow, max-snippet:-1, max-image-preview:large, max-video-preview:-1\" \/>\n<link rel=\"canonical\" href=\"https:\/\/www.chemin-neuf.ch\/de\/vorschlag\/gebetsgruppe-zuerich\/\" \/>\n<meta property=\"og:locale\" content=\"de_DE\" \/>\n<meta property=\"og:type\" content=\"article\" \/>\n<meta property=\"og:title\" content=\"Gebetsgruppe in Z\u00fcrich - Chemin Neuf Suisse\" \/>\n<meta property=\"og:description\" content=\"jeden 1. und 3. Dienstag im Monat von 20 Uhr bis 21 Uhr Krypta der Bruder Klaus Kirche, Z\u00fcrich\" \/>\n<meta property=\"og:url\" content=\"https:\/\/www.chemin-neuf.ch\/de\/vorschlag\/gebetsgruppe-zuerich\/\" \/>\n<meta property=\"og:site_name\" content=\"Chemin Neuf Suisse\" \/>\n<meta property=\"article:modified_time\" content=\"2025-12-03T11:21:03+00:00\" \/>\n<meta property=\"og:image\" content=\"https:\/\/www.chemin-neuf.ch\/wp-content\/uploads\/2021\/02\/carre-hds-jeune-prie-ss-logo.jpg\" \/>\n\t<meta property=\"og:image:width\" content=\"600\" \/>\n\t<meta property=\"og:image:height\" content=\"600\" \/>\n\t<meta property=\"og:image:type\" content=\"image\/jpeg\" \/>\n<meta name=\"twitter:card\" content=\"summary_large_image\" \/>\n<meta name=\"twitter:label1\" content=\"Gesch\u00e4tzte Lesezeit\" \/>\n\t<meta name=\"twitter:data1\" content=\"1\u00a0Minute\" \/>\n<script type=\"application\/ld+json\" class=\"yoast-schema-graph\">{\"@context\":\"https:\\\/\\\/schema.org\",\"@graph\":[{\"@type\":\"WebPage\",\"@id\":\"https:\\\/\\\/www.chemin-neuf.ch\\\/de\\\/vorschlag\\\/gebetsgruppe-zuerich\\\/\",\"url\":\"https:\\\/\\\/www.chemin-neuf.ch\\\/de\\\/vorschlag\\\/gebetsgruppe-zuerich\\\/\",\"name\":\"Gebetsgruppe in Z\u00fcrich - Chemin Neuf Suisse\",\"isPartOf\":{\"@id\":\"https:\\\/\\\/www.chemin-neuf.ch\\\/de\\\/#website\"},\"primaryImageOfPage\":{\"@id\":\"https:\\\/\\\/www.chemin-neuf.ch\\\/de\\\/vorschlag\\\/gebetsgruppe-zuerich\\\/#primaryimage\"},\"image\":{\"@id\":\"https:\\\/\\\/www.chemin-neuf.ch\\\/de\\\/vorschlag\\\/gebetsgruppe-zuerich\\\/#primaryimage\"},\"thumbnailUrl\":\"https:\\\/\\\/www.chemin-neuf.ch\\\/wp-content\\\/uploads\\\/2021\\\/02\\\/carre-hds-jeune-prie-ss-logo.jpg\",\"datePublished\":\"2023-11-18T17:48:54+00:00\",\"dateModified\":\"2025-12-03T11:21:03+00:00\",\"description\":\"jeden 1. und 3. Dienstag im Monat von 20 Uhr bis 21 Uhr Krypta der Bruder Klaus Kirche, Z\u00fcrich\",\"breadcrumb\":{\"@id\":\"https:\\\/\\\/www.chemin-neuf.ch\\\/de\\\/vorschlag\\\/gebetsgruppe-zuerich\\\/#breadcrumb\"},\"inLanguage\":\"de\",\"potentialAction\":[{\"@type\":\"ReadAction\",\"target\":[\"https:\\\/\\\/www.chemin-neuf.ch\\\/de\\\/vorschlag\\\/gebetsgruppe-zuerich\\\/\"]}]},{\"@type\":\"ImageObject\",\"inLanguage\":\"de\",\"@id\":\"https:\\\/\\\/www.chemin-neuf.ch\\\/de\\\/vorschlag\\\/gebetsgruppe-zuerich\\\/#primaryimage\",\"url\":\"https:\\\/\\\/www.chemin-neuf.ch\\\/wp-content\\\/uploads\\\/2021\\\/02\\\/carre-hds-jeune-prie-ss-logo.jpg\",\"contentUrl\":\"https:\\\/\\\/www.chemin-neuf.ch\\\/wp-content\\\/uploads\\\/2021\\\/02\\\/carre-hds-jeune-prie-ss-logo.jpg\",\"width\":600,\"height\":600},{\"@type\":\"BreadcrumbList\",\"@id\":\"https:\\\/\\\/www.chemin-neuf.ch\\\/de\\\/vorschlag\\\/gebetsgruppe-zuerich\\\/#breadcrumb\",\"itemListElement\":[{\"@type\":\"ListItem\",\"position\":1,\"name\":\"Home\",\"item\":\"https:\\\/\\\/www.chemin-neuf.ch\\\/de\\\/\"},{\"@type\":\"ListItem\",\"position\":2,\"name\":\"Vorschl\u00e4ge\",\"item\":\"https:\\\/\\\/www.chemin-neuf.ch\\\/de\\\/vorschlag\\\/\"},{\"@type\":\"ListItem\",\"position\":3,\"name\":\"Gebetsgruppe in Z\u00fcrich\"}]},{\"@type\":\"WebSite\",\"@id\":\"https:\\\/\\\/www.chemin-neuf.ch\\\/de\\\/#website\",\"url\":\"https:\\\/\\\/www.chemin-neuf.ch\\\/de\\\/\",\"name\":\"Chemin Neuf Suisse\",\"description\":\"La Communaut\u00e9 du Chemin Neuf en Suisse\",\"potentialAction\":[{\"@type\":\"SearchAction\",\"target\":{\"@type\":\"EntryPoint\",\"urlTemplate\":\"https:\\\/\\\/www.chemin-neuf.ch\\\/de\\\/?s={search_term_string}\"},\"query-input\":{\"@type\":\"PropertyValueSpecification\",\"valueRequired\":true,\"valueName\":\"search_term_string\"}}],\"inLanguage\":\"de\"}]}<\/script>\n<!-- \/ Yoast SEO plugin. -->","yoast_head_json":{"title":"Gebetsgruppe in Z\u00fcrich - Chemin Neuf Suisse","description":"jeden 1. und 3. Dienstag im Monat von 20 Uhr bis 21 Uhr Krypta der Bruder Klaus Kirche, Z\u00fcrich","robots":{"index":"index","follow":"follow","max-snippet":"max-snippet:-1","max-image-preview":"max-image-preview:large","max-video-preview":"max-video-preview:-1"},"canonical":"https:\/\/www.chemin-neuf.ch\/de\/vorschlag\/gebetsgruppe-zuerich\/","og_locale":"de_DE","og_type":"article","og_title":"Gebetsgruppe in Z\u00fcrich - Chemin Neuf Suisse","og_description":"jeden 1. und 3. Dienstag im Monat von 20 Uhr bis 21 Uhr Krypta der Bruder Klaus Kirche, Z\u00fcrich","og_url":"https:\/\/www.chemin-neuf.ch\/de\/vorschlag\/gebetsgruppe-zuerich\/","og_site_name":"Chemin Neuf Suisse","article_modified_time":"2025-12-03T11:21:03+00:00","og_image":[{"width":600,"height":600,"url":"https:\/\/www.chemin-neuf.ch\/wp-content\/uploads\/2021\/02\/carre-hds-jeune-prie-ss-logo.jpg","type":"image\/jpeg"}],"twitter_card":"summary_large_image","twitter_misc":{"Gesch\u00e4tzte Lesezeit":"1\u00a0Minute"},"schema":{"@context":"https:\/\/schema.org","@graph":[{"@type":"WebPage","@id":"https:\/\/www.chemin-neuf.ch\/de\/vorschlag\/gebetsgruppe-zuerich\/","url":"https:\/\/www.chemin-neuf.ch\/de\/vorschlag\/gebetsgruppe-zuerich\/","name":"Gebetsgruppe in Z\u00fcrich - Chemin Neuf Suisse","isPartOf":{"@id":"https:\/\/www.chemin-neuf.ch\/de\/#website"},"primaryImageOfPage":{"@id":"https:\/\/www.chemin-neuf.ch\/de\/vorschlag\/gebetsgruppe-zuerich\/#primaryimage"},"image":{"@id":"https:\/\/www.chemin-neuf.ch\/de\/vorschlag\/gebetsgruppe-zuerich\/#primaryimage"},"thumbnailUrl":"https:\/\/www.chemin-neuf.ch\/wp-content\/uploads\/2021\/02\/carre-hds-jeune-prie-ss-logo.jpg","datePublished":"2023-11-18T17:48:54+00:00","dateModified":"2025-12-03T11:21:03+00:00","description":"jeden 1. und 3. Dienstag im Monat von 20 Uhr bis 21 Uhr Krypta der Bruder Klaus Kirche, Z\u00fcrich","breadcrumb":{"@id":"https:\/\/www.chemin-neuf.ch\/de\/vorschlag\/gebetsgruppe-zuerich\/#breadcrumb"},"inLanguage":"de","potentialAction":[{"@type":"ReadAction","target":["https:\/\/www.chemin-neuf.ch\/de\/vorschlag\/gebetsgruppe-zuerich\/"]}]},{"@type":"ImageObject","inLanguage":"de","@id":"https:\/\/www.chemin-neuf.ch\/de\/vorschlag\/gebetsgruppe-zuerich\/#primaryimage","url":"https:\/\/www.chemin-neuf.ch\/wp-content\/uploads\/2021\/02\/carre-hds-jeune-prie-ss-logo.jpg","contentUrl":"https:\/\/www.chemin-neuf.ch\/wp-content\/uploads\/2021\/02\/carre-hds-jeune-prie-ss-logo.jpg","width":600,"height":600},{"@type":"BreadcrumbList","@id":"https:\/\/www.chemin-neuf.ch\/de\/vorschlag\/gebetsgruppe-zuerich\/#breadcrumb","itemListElement":[{"@type":"ListItem","position":1,"name":"Home","item":"https:\/\/www.chemin-neuf.ch\/de\/"},{"@type":"ListItem","position":2,"name":"Vorschl\u00e4ge","item":"https:\/\/www.chemin-neuf.ch\/de\/vorschlag\/"},{"@type":"ListItem","position":3,"name":"Gebetsgruppe in Z\u00fcrich"}]},{"@type":"WebSite","@id":"https:\/\/www.chemin-neuf.ch\/de\/#website","url":"https:\/\/www.chemin-neuf.ch\/de\/","name":"Chemin Neuf Suisse","description":"La Communaut\u00e9 du Chemin Neuf en Suisse","potentialAction":[{"@type":"SearchAction","target":{"@type":"EntryPoint","urlTemplate":"https:\/\/www.chemin-neuf.ch\/de\/?s={search_term_string}"},"query-input":{"@type":"PropertyValueSpecification","valueRequired":true,"valueName":"search_term_string"}}],"inLanguage":"de"}]}},"_links":{"self":[{"href":"https:\/\/www.chemin-neuf.ch\/de\/wp-json\/wp\/v2\/proposition\/37182","targetHints":{"allow":["GET"]}}],"collection":[{"href":"https:\/\/www.chemin-neuf.ch\/de\/wp-json\/wp\/v2\/proposition"}],"about":[{"href":"https:\/\/www.chemin-neuf.ch\/de\/wp-json\/wp\/v2\/types\/proposition"}],"version-history":[{"count":58,"href":"https:\/\/www.chemin-neuf.ch\/de\/wp-json\/wp\/v2\/proposition\/37182\/revisions"}],"predecessor-version":[{"id":59922,"href":"https:\/\/www.chemin-neuf.ch\/de\/wp-json\/wp\/v2\/proposition\/37182\/revisions\/59922"}],"wp:featuredmedia":[{"embeddable":true,"href":"https:\/\/www.chemin-neuf.ch\/de\/wp-json\/wp\/v2\/media\/18028"}],"wp:attachment":[{"href":"https:\/\/www.chemin-neuf.ch\/de\/wp-json\/wp\/v2\/media?parent=37182"}],"wp:term":[{"taxonomy":"prop-category","embeddable":true,"href":"https:\/\/www.chemin-neuf.ch\/de\/wp-json\/wp\/v2\/prop-category?post=37182"},{"taxonomy":"prop-duration","embeddable":true,"href":"https:\/\/www.chemin-neuf.ch\/de\/wp-json\/wp\/v2\/prop-duration?post=37182"}],"curies":[{"name":"wp","href":"https:\/\/api.w.org\/{rel}","templated":true}]}}

Gebetsgruppe in Zürich

<h2 class="wp-block-heading">Infos</h2>



<p class="has-large-font-size">Gebets- und Lobpreisabend in Zürich</p>



<p class="has-normal-font-size">Komm&nbsp;vorbei,&nbsp;um mit uns Gott zu loben, Ihm zu singen, gemeinsam zu beten und auf das Wort Gottes zu hören!</p>



<p class="has-normal-font-size">&#8211; Geleitet von Mitgliedern der Gemeinschaft und Bund Chemin Neuf.<br></p>



<h2 class="wp-block-heading">Daten bis Dezember 2026</h2>



<p class="has-normal-font-size">jeden 1. und 3. Dienstag im Monat (ausser Juli und August)<br>ab 19:45 Uhr Eintreffen<br>20:00-21:00 Uhr Lobpreis und Gebet<br><br><strong>2025: </strong><br>2. und 16. Dezember</p>



<p class="has-normal-font-size"><strong>2026: </strong><br>6. und 20. Januar<br>3. und 17. Februar<br>3. und 17. März<br>7. und 21. April<br>5. und 19. Mai<br>2. und 16. Juni<br>1. und 15. September<br>6. und 20. Oktober<br>3. und 17. November<br>1. und 15. Dezember</p>



<h2 class="wp-block-heading">Ort</h2>



<p class="has-normal-font-size">in der Bruder Klaus Kirche in Zürich (Milchbuckstrasse 73, 8057 Zürich).<br>Zum Eintritt linke Kirchentüre benützen, da um 19.00 Uhr abgeschlossen wird.</p>



<div class="wp-block-buttons is-content-justification-center is-layout-flex wp-container-core-buttons-is-layout-16018d1d wp-block-buttons-is-layout-flex">
<div class="wp-block-button"><a class="wp-block-button__link has-white-color has-orange-background-color has-text-color has-background has-small-font-size has-custom-font-size wp-element-button" href="https://www.google.com/maps/place/Milchbuckstrasse+73,+8057+Z%C3%BCrich/@47.3930591,8.5395251,1001m/data=!3m1!1e3!4m6!3m5!1s0x47900a7710cab867:0xba4d158dd765c83e!8m2!3d47.3940905!4d8.5445462!16s%2Fg%2F11c43vkly9?entry=ttu&amp;g_ep=EgoyMDI1MDgxMy4wIKXMDSoASAFQAw%3D%3D" target="_blank" rel="noreferrer noopener">Siehe den Plan</a></div>
</div>



<p class="has-normal-font-size"></p>

<p>jeden 1. und 3. Dienstag im Monat von 20 Uhr bis 21 Uhr<br /> Krypta der Bruder Klaus <br />Kirche, Zürich</p>

<!-- This site is optimized with the Yoast SEO plugin v27.5 - https://yoast.com/product/yoast-seo-wordpress/ -->
<title>Gebetsgruppe in Zürich - Chemin Neuf Suisse</title>
<meta name="description" content="jeden 1. und 3. Dienstag im Monat von 20 Uhr bis 21 Uhr Krypta der Bruder Klaus Kirche, Zürich" />
<meta name="robots" content="index, follow, max-snippet:-1, max-image-preview:large, max-video-preview:-1" />
<link rel="canonical" href="https://www.chemin-neuf.ch/de/vorschlag/gebetsgruppe-zuerich/" />
<meta property="og:locale" content="de_DE" />
<meta property="og:type" content="article" />
<meta property="og:title" content="Gebetsgruppe in Zürich - Chemin Neuf Suisse" />
<meta property="og:description" content="jeden 1. und 3. Dienstag im Monat von 20 Uhr bis 21 Uhr Krypta der Bruder Klaus Kirche, Zürich" />
<meta property="og:url" content="https://www.chemin-neuf.ch/de/vorschlag/gebetsgruppe-zuerich/" />
<meta property="og:site_name" content="Chemin Neuf Suisse" />
<meta property="article:modified_time" content="2025-12-03T11:21:03+00:00" />
<meta property="og:image" content="https://www.chemin-neuf.ch/wp-content/uploads/2021/02/carre-hds-jeune-prie-ss-logo.jpg" />
	<meta property="og:image:width" content="600" />
	<meta property="og:image:height" content="600" />
	<meta property="og:image:type" content="image/jpeg" />
<meta name="twitter:card" content="summary_large_image" />
<meta name="twitter:label1" content="Geschätzte Lesezeit" />
	<meta name="twitter:data1" content="1 Minute" />
<script type="application/ld+json" class="yoast-schema-graph">{"@context":"https:\/\/schema.org","@graph":[{"@type":"WebPage","@id":"https:\/\/www.chemin-neuf.ch\/de\/vorschlag\/gebetsgruppe-zuerich\/","url":"https:\/\/www.chemin-neuf.ch\/de\/vorschlag\/gebetsgruppe-zuerich\/","name":"Gebetsgruppe in Zürich - Chemin Neuf Suisse","isPartOf":{"@id":"https:\/\/www.chemin-neuf.ch\/de\/#website"},"primaryImageOfPage":{"@id":"https:\/\/www.chemin-neuf.ch\/de\/vorschlag\/gebetsgruppe-zuerich\/#primaryimage"},"image":{"@id":"https:\/\/www.chemin-neuf.ch\/de\/vorschlag\/gebetsgruppe-zuerich\/#primaryimage"},"thumbnailUrl":"https:\/\/www.chemin-neuf.ch\/wp-content\/uploads\/2021\/02\/carre-hds-jeune-prie-ss-logo.jpg","datePublished":"2023-11-18T17:48:54+00:00","dateModified":"2025-12-03T11:21:03+00:00","description":"jeden 1. und 3. Dienstag im Monat von 20 Uhr bis 21 Uhr Krypta der Bruder Klaus Kirche, Zürich","breadcrumb":{"@id":"https:\/\/www.chemin-neuf.ch\/de\/vorschlag\/gebetsgruppe-zuerich\/#breadcrumb"},"inLanguage":"de","potentialAction":[{"@type":"ReadAction","target":["https:\/\/www.chemin-neuf.ch\/de\/vorschlag\/gebetsgruppe-zuerich\/"]}]},{"@type":"ImageObject","inLanguage":"de","@id":"https:\/\/www.chemin-neuf.ch\/de\/vorschlag\/gebetsgruppe-zuerich\/#primaryimage","url":"https:\/\/www.chemin-neuf.ch\/wp-content\/uploads\/2021\/02\/carre-hds-jeune-prie-ss-logo.jpg","contentUrl":"https:\/\/www.chemin-neuf.ch\/wp-content\/uploads\/2021\/02\/carre-hds-jeune-prie-ss-logo.jpg","width":600,"height":600},{"@type":"BreadcrumbList","@id":"https:\/\/www.chemin-neuf.ch\/de\/vorschlag\/gebetsgruppe-zuerich\/#breadcrumb","itemListElement":[{"@type":"ListItem","position":1,"name":"Home","item":"https:\/\/www.chemin-neuf.ch\/de\/"},{"@type":"ListItem","position":2,"name":"Vorschläge","item":"https:\/\/www.chemin-neuf.ch\/de\/vorschlag\/"},{"@type":"ListItem","position":3,"name":"Gebetsgruppe in Zürich"}]},{"@type":"WebSite","@id":"https:\/\/www.chemin-neuf.ch\/de\/#website","url":"https:\/\/www.chemin-neuf.ch\/de\/","name":"Chemin Neuf Suisse","description":"La Communauté du Chemin Neuf en Suisse","potentialAction":[{"@type":"SearchAction","target":{"@type":"EntryPoint","urlTemplate":"https:\/\/www.chemin-neuf.ch\/de\/?s={search_term_string}"},"query-input":{"@type":"PropertyValueSpecification","valueRequired":true,"valueName":"search_term_string"}}],"inLanguage":"de"}]}</script>
<!-- / Yoast SEO plugin. -->

Gebetsgruppe in Zürich - Chemin Neuf Suisse

jeden 1. und 3. Dienstag im Monat von 20 Uhr bis 21 Uhr Krypta der Bruder Klaus Kirche, Zürich

Vorschläge

La Communauté du Chemin Neuf en Suisse
